of 840256 and 128.
64
Calculate the highest common factor of 11 and 644853.
11
What is the greatest common divisor of 945 and 67557?
21
What is the highest common divisor of 72119 and 3157?
41
Calculate the greatest common factor of 4564 and 1876.
28
What is the greatest common factor of 63 and 6517413?
63
What is the highest common factor of 91337 and 1226?
613
Calculate the highest common divisor of 3320 and 107485.
415
Calculate the greatest common divisor of 2284 and 1991077.
571
What is the highest common divisor of 131657 and 25947?
961
Calculate the highest common divisor of 806 and 124.
62
Calculate the greatest common factor of 11948 and 21733.
103
Calculate the greatest common divisor of 360 and 279432.
72
Calculate the highest common factor of 731 and 21233.
17
What is the highest common factor of 17260 and 30?
10
What is the highest common factor of 422211 and 633?
633
Calculate the greatest common divisor of 4 and 2171434.
2
What is the highest common factor of 121 and 189079?
11
Calculate the greatest common divisor of 1484 and 6328.
28
What is the greatest common factor of 100 and 243?
1
Calculate the greatest common factor of 136466 and 165.
11
Calculate the greatest common divisor of 30544 and 5520.
368
What is the greatest common divisor of 57390 and 370?
10
What is the highest common factor of 1133 and 30179?
103
What is the highest common factor of 994 and 161?
7
Calculate the greatest common divisor of 55527 and 4683.
669
Calculate the highest common divisor of 3808 and 85.
17
Calculate the greatest common factor of 3886 and 1450.
58
Calculate the greatest common divisor of 30 and 393762.
6
What is the greatest common divisor of 145746 and 378?
54
What is the highest common factor of 185 and 66156?
37
Calculate the highest common factor of 699 and 111607.
233
What is the highest common divisor of 14 and 285362?
14
What is the greatest common factor of 175171 and 9263?
59
What is the greatest common factor of 1072 and 17018?
134
What is the highest common divisor of 639477 and 369?
369
Calculate the highest common divisor of 506 and 111481.
23
Calculate the highest common divisor of 12 and 6843.
3
What is the highest common divisor of 84 and 112924?
28
Calculate the greatest common divisor of 17040 and 380.
20
What is the highest common divisor of 165 and 92301?
33
What is the highest common divisor of 286783 and 1484?
371
What is the highest common factor of 84228 and 2412?
12
What is the highest common factor of 39 and 634894?
13
What is the highest common factor of 76152 and 99198?
1002
Calculate the highest common divisor of 115797 and 968.
121
What is the highest common factor of 109435 and 1527?
509
What is the greatest common divisor of 3484 and 260?
52
What is the highest common factor of 55 and 322740?
55
What is the highest common divisor of 14 and 28062?
2
Calculate the highest common divisor of 1535 and 2125.
5
What is the highest common divisor of 132 and 7500?
12
Calculate the highest common divisor of 11 and 43307.
11
What is the greatest common factor of 22944 and 160?
32
What is the highest common factor of 144 and 100476?
36
Calculate the greatest common factor of 11102 and 70882.
854
What is the highest common factor of 116055 and 90?
45
Calculate the greatest common divisor of 870 and 1539726.
174
What is the highest common factor of 7030 and 7087?
19
Calculate the highest common divisor of 63 and 223587.
63
What is the highest common factor of 928 and 678136?
232
What is the greatest common factor of 82773 and 1173?
51
Calculate the highest common factor of 2794 and 266319.
127
Calculate the highest common factor of 4811 and 4528.
283
Calculate the highest common divisor of 11660 and 308.
44
Calculate the greatest common divisor of 5928 and 16640.
104
Calculate the highest common divisor of 3969 and 200949.
147
What is the greatest common divisor of 1326 and 4046952?
1326
Calculate the highest common factor of 33 and 155793.
33
Calculate the greatest common factor of 54375 and 1131.
87
What is the greatest common factor of 156 and 102756?
12
Calculate the highest common factor of 52658 and 5126.
466
Calculate the highest common factor of 187 and 1360.
17
What is the greatest common divisor of 11313 and 108102?
1257
Calculate the highest common divisor of 2103504 and 336.
48
Calculate the greatest common factor of 335970 and 360.
90
What is the greatest common factor of 116 and 162?
2
What is the greatest common factor of 3969 and 18?
9
What is the greatest common factor of 2050 and 316850?
50
What is the highest common divisor of 6407 and 4619?
149
Calculate the greatest common factor of 203 and 30289.
7
What is the greatest common divisor of 38814 and 6?
6
What is the greatest common divisor of 56561 and 2282?
163
Calculate the highest common divisor of 731 and 46397.
43
What is the greatest common divisor of 27264 and 639?
213
What is the greatest common divisor of 515840 and 3185?
65
Calculate the highest common divisor of 23973 and 807.
3
What is the highest common divisor of 37 and 663373?
37
What is the greatest common factor of 892393 and 698?
349
Calculate the greatest common factor of 87 and 669.
3
What is the highest common divisor of 56345 and 1180?
295
What is the greatest common divisor of 34218 and 792?
18
Calculate the greatest common divisor of 3364 and 76.
4
What is the greatest common factor of 7986 and 7458?
66
Calculate the highest common divisor of 1200 and 57408.
48
Calculate the highest common factor of 413 and 10952347.
413
What is the greatest common divisor of 37515 and 25?
5
What is the greatest common factor of 297 and 217008?
99
What is the greatest common factor of 6461 and 79378?
923
Calculate the greatest common divisor of 11507 and 149280.
311
Calculate the greatest common factor of 644 and 5768.
28
Calculate the highest common divisor of 2697 and 7395.
87
Calculate the highest common factor of 2332 and 14628.
212
What is the highest common divisor of 345 and 943?
23
Calculate the highest common factor of 159026 and 307.
307
What is the greatest common divisor of 560 and 1575?
35
Calculate the greatest common divisor of 375211 and 183.
61
What is the highest common factor of 13833 and 477?
477
What is the highest common factor of 3911561 and 313?
313
Calculate the highest common factor of 2210720 and 1230.
410
Calculate the greatest common divisor of 987 and 1392657.
987
What is the highest common divisor of 102220 and 760?
380
Calculate the greatest common factor of 10048 and 288.
32
What is the highest common factor of 160 and 230480?
80
What is the highest common factor of 695862 and 18?
18
What is the highest common factor of 8175 and 2625?
75
Calculate the greatest common factor of 45141 and 6606.
1101
What is the highest common factor of 960 and 505?
5
Calculate the greatest common factor of 44499 and 84.
21
What is the highest common divisor of 7 and 8645?
7
Calculate the highest common divisor of 12 and 2274.
6
What is the highest common divisor of 1984 and 235786?
62
Calculate the greatest common divisor of 133 and 205656.
19
Calculate the greatest common divisor of 8 and 23872.
8
What is the greatest common factor of 2970 and 1891296?
594
Calculate the greatest common divisor of 70 and 34975.
5
What is the greatest common divisor of 14 and 7399?
7
What is the highest common divisor of 3376 and 43466?
422
What is the highest common divisor of 456 and 1026?
114
Calculate the highest common factor of 17461 and 209.
19
Calculate the highest common factor of 4890 and 18390.
30
What is the greatest common divisor of 1161 and 3139?
43
What is the highest common factor of 1016400 and 280?
280
Calculate the greatest common divisor of 417 and 1842.
3
What is the greatest common factor of 315788 and 792?
44
What is the greatest common factor of 365859 and 371?
53
What is the highest common divisor of 15384 and 1128?
24
What is the greatest common divisor of 77741 and 46240?
289
What is the greatest common divisor of 4773480 and 240?
120
Calculate the highest common factor of 37050 and 15010.
190
Calculate the greatest common factor of 787328 and 448.
64
What is the highest common divisor of 54997 and 86?
43
Calculate the greatest common factor of 24 and 8944.
8
Calcu